1)/1 - 3. Suppose z*h - 4*f = -h + 20, -5*h = f - 121. Let y(u) = u**3 - 5*u**2 + 3*u - 6. Calculate the remainder when h is divided by y(5).
6
Suppose 3*h = 4*t + 7 - 210, -3*t + 155 = -5*h. Calculate the remainder when 294 is divided by t.
44
Let b(h) = -7 + 4*h - 1 + 3*h**2 - 2*h**2 + 1. Let o be b(-6). Suppose -o*t + t + 72 = 0. Calculate the remainder when t is divided by 5.
3
Let u be 204/36 + (-2)/3. Suppose -2*g + u*y = -129, 5*g - 195 = -2*y + 200. What is the remainder when g is divided by 1*(-2 - -25) + -3?
17
Let k(f) = f**3 - 3*f**2 + f - 30. What is the remainder when 835 is divided by k(6)?
79
Let i(c) = -c**2 + 22*c - 35. Calculate the remainder when 296 is divided by i(17).
46
Suppose -3*b + 0*b + 66 = 0. What is the remainder when b is divided by -6*30/(-225)*10?
6
Let i be 1/(-4 + (-190)/(-48)). Let y be (12/(-10))/(i/(-60)). Calculate the remainder when 14 is divided by 12/((-6)/y) - -3.
5
Suppose 0 = -m - 3*g + 2, -5*g = 6*m - 3*m - 22. Calculate the remainder when 88 is divided by m.
4
Let q = 17 - 2. What is the remainder when q - (-2)/(-8)*4 is divided by 9?
5
Let c = -1894 + 1921. What is the remainder when 616 is divided by c?
22
Let y = 10 + -12. Let n be (y - -1)/1 - -6. Calculate the remainder when (n - 1)*(-93)/(-12) is divided by 8.
7
Suppose 2*u - 4 = 2. Let d = 12 + -7. Calculate the remainder when (d/(-2))/(3/(-6)) is divided by u.
2
Suppose 3*k + 5*f - 844 = 0, 13*f = 3*k + 8*f - 854. What is the remainder when k is divided by 15?
13
Suppose -5*k - 26 = 8*k. What is the remainder when (k + 7)/(-1) - -101 is divided by 49?
47
Let l(h) = 6*h**3 + 58*h**2 - 26*h - 26. Calculate the remainder when (-404)/(-3) + (-1)/(-3) is divided by l(-10).
33
Suppose z = 11 + 9. Let q = z + -9. Suppose 5*x + 0 = s - 3, -2*x = -s + 3. What is the remainder when q is divided by s?
2
Suppose -2*r + 10 = -d, -2*r + 1 = -5*d - 17. What is the remainder when r is divided by 4?
0
Suppose -5*m = -2*r + 108, r - 157 + 121 = -2*m. Let o = -111 - -197. Calculate the remainder when o is divided by r.
42
Suppose -17*o = -376 - 168. What is the remainder when o is divided by 12?
8
Let o(a) = 8*a**2 - a - 1. Let u(j) = j**3 - 8*j**2 + j - 16. Let n be u(8). Let b be 22/n - (-2)/(-8). What is the remainder when o(b) is divided by 19?
17
Let b(x) = -x**2 - 12*x + 3. Let i be (-2)/((-24)/9)*-16. Let m be b(i). Suppose 2*d - 5*c = m + 25, -c + 4 = 2*d. What is the remainder when d is divided by 4?
0
Let b(u) = 25*u - 189. What is the remainder when 32 is divided by b(8)?
10
Let b = -10 + 32. Let p(d) = d**3 - 95*d**2 + 118*d - 2174. What is the remainder when p(94) is divided by b?
16
Suppose 21 = -4*y + 5. Let m = y - -31. What is the remainder when 214 is divided by m?
25
Let x(c) = -c**2 + 8*c + 9. Suppose 0 = -123*w + 119*w - 600. Let s = w + 195. What is the remainder when s is divided by x(7)?
13
Let a be 1/2*(-10 + 6). Let s(x) = x**3 + 4*x**2 + x - 3. What is the remainder when 7 is divided by s(a)?
1
Let r = 1937 + -1828. What is the remainder when r is divided by 14?
11
Let t be (-3)/5 + 144/15. Let n = 35 + t. Let o = -18 + 41. What is the remainder when n is divided by o?
21
Let c be (-5 - -3)*(-1)/(-2). Let u be c - (-124 + 2)/(-2). Calculate the remainder when 6/(-4) + u/(-4) is divided by 5.
4
Suppose 23809 = 46*h + 3477. Calculate the remainder when h is divided by 213.
16
Suppose 5 = 5*i - 5. Suppose -6*p = -i*p. Let t = p + 3. Calculate the remainder when t is divided by 2.
1
Suppose -l - l + 6 = 0. Suppose -47 = -4*o + f + l, -f = 2. What is the remainder when o is divided by (6/12)/((-1)/(-2)) + 6?
5
Suppose -3*g - 3*l + 122 = -133, 5*l - 259 = -3*g. Suppose 5*a = 3*f - 125, -2*f = -2*a - a - g. What is the remainder when 119 is divided by f?
39
Suppose -12*h - 20 = -8*h, 0 = -4*z + 3*h + 443. What is the remainder when z is divided by 1?
0
Let p = 82 + -34. Let c be p/22 - (-18)/(-99). Suppose -3*a = -3*v - 0*v - 27, -c*a + 27 = -5*v. What is the remainder when a is divided by 2?
0
Suppose -4 = -l, -14*n - 4*l - 94 = -16*n. Calculate the remainder when 211 is divided by n.
46
Let z = 144 - 87. Suppose 47*w + 29 = 48*w. Calculate the remainder when z is divided by w.
28
Let u = 78 - 53. Let z = 116 + u. Let m = z - 65. Calculate the remainder when m is divided by 20.
16
Calculate the remainder when -6*7/(126/(-402)) is divided by 35.
29
Suppose 45 = -242*m + 245*m. What is the remainder when 643 is divided by m?
13
Let v(j) be the third derivative of j**6/120 + j**5/20 + j**4/6 + 7*j**3/6 - 17*j**2. Calculate the remainder when 3 is divided by v(-2).
0
What is the remainder when 80 is divided by (-2490)/(-180) - ((-26)/12 - -2)?
10
Let q(h) = 15*h**2 - 3*h + 7. Calculate the remainder when q(2) is divided by 16.
13
Let u be 2/(-4) + 9/(-18). Calculate the remainder when 141 is divided by 5/(-15)*u - (-214)/6.
33
Suppose 5*k - h = 17, -2*h + h + 23 = 5*k. Suppose 6 = -3*f, -k*f = -0*y - 3*y + 107. What is the remainder when 98 is divided by y?
32
Suppose 234 = 5*g - 4*o - 18, -3*g = -5*o - 146. Calculate the remainder when g is divided by 36.
16
Let m = -4 + -2. Suppose -5*y - 138 = -11*y. What is the remainder when y is divided by 4 - (m/3 - 2)?
7
Suppose 653 - 595 = y. Let c = 40 + 11. Let o = c + -35. Calculate the remainder when y is divided by o.
10
Suppose 6*v - 66 = -12. What is the remainder when 13 is divided by v?
4
Suppose -5*x = 3*a + 19, x + 3*x = 2*a + 42. Let k = 98 + a. What is the remainder when k is divided by 29?
27
Let l(j) = 9*j + 6. Let m be l(6). Let o = m - -21. What is the remainder when o is divided by 28?
25
Suppose -30 = -5*n + 4*n. Suppose 0 = 2046*l - 2122*l + 228. Calculate the remainder when n is divided by l.
0
Suppose 8*z + 0*z - 40 = 0. Suppose -h = -2*l - 32, 0 = z*h + 4*l - 3*l - 127. Calculate the remainder when 101 is divided by h.
23
Suppose 6*g - 34 = 176. Suppose 0*b - 3*b = -2*k + g, 2*b + 40 = 2*k. What is the remainder when k is divided by 13?
12
Let k = 764 + -749. Let b = -34 - -75. Calculate the remainder when b is divided by k.
11
What is the remainder when 181 is divided by -1*(-1)/(1 - 240/244)?
59
Suppose -5*i + 2 = -18, i = -3*r + 25. Let t = 11 + r. Suppose 33 = 6*v - 5*v. What is the remainder when v is divided by t?
15
Let u = -81 + 91. Suppose -30 = -3*k + 24. Calculate the remainder when k is divided by u.
8
Let m = 13 + -11. Suppose m*f - 4*f = -102. What is the remainder when f is divided by 11?
7
Let r be (3/(-9))/((-2)/(-6)). Calculate the remainder when -2 + (r + 0 - -46) is divided by (-23)/1*(-2 - -1).
20
Let t(v) = 5*v + 41. What is the remainder when t(16) is divided by 45?
31
Let d(f) = -f**3 - f**2 - 3*f + 27. Calculate the remainder when d(0) is divided by 7.
6
Let x(t) = t**3 - 9*t**2 - 11*t + 18. What is the remainder when 164 is divided by x(10)?
4
Let v(o) = o**3 + 21*o**2 - o - 252. What is the remainder when v(-20) is divided by 13?
12
Let f(d) = 3*d**2 + 2*d - 22. What is the remainder when 344 is divided by f(3)?
3
Calculate the remainder when 231 is divided by 6/4*29/((-1218)/(-1316)).
43
Let b(r) = r + 1. Let t(g) = 8*g + 43. Let d(f) = -2*b(f) - t(f). Calculate the remainder when 49 is divided by d(-6).
4
Let u(w) = -3*w**3 + 4*w**2 - w. Calculate the remainder when 208 is divided by u(-2).
40
Let w(y) be the first derivative of 29*y**3/3 + y**2 + y - 6. What is the remainder when 110 is divided by w(-1)?
26
Let v = -52 - -114. Let c = v - 53. What is the remainder when 43 is divided by c?
7
Suppose -4*s = -0*l - l - 133, s - l - 37 = 0. Let j = 1 + s. Suppose 2*t = -t + j. What is the remainder when t is divided by 7?
4
Let p = -9 - -18. Suppose 0*o + 3*o - u = 50, -5*o + 72 = 4*u. What is the remainder when o is divided by p?
7
Let z be (-1 - -1)/(9 + -8). Suppose 4*l - 51 - 69 = 0. Suppose 5*r - l = -5*a, 0 = 3*r - 4*a - z*a - 11. What is the remainder when r is divided by 4?
1
Let s be (17 - 18)*(0 + -62). Let i = s - 52. Calculate the remainder when 56 is divided by i.
6
Suppose 4 = u - 10. Calculate the remainder when u is divided by 4.
2
Suppose 0 = -17*k + 12*k. Suppose k = 7*r + 3 - 1382. Calculate the remainder when r is divided by 33.
32
Suppose 4*a = -16, a = -2*y + 74 + 94. What is the remainder when 168 is divided by y?
82
Suppo